)/(-2))*2. Determine y(m).
14
Let l(s) = s**3 + 10*s**2 - 31*s - 95. Let q be l(-12). Let b(a) = a**2 + 9*a - 19. Determine b(q).
3
Let v(c) be the third derivative of -c**5/20 + c**4/6 - 3*c**3/2 + 763*c**2. Determine v(4).
-41
Let g(c) = c**2 + 2*c. Let t(s) = -s**3 - 7*s**2 + 6*s - 11. Let v be t(-8). Let x(o) = 2*o**3 + 10*o**2 + 11*o - 3. Let b(p) = v*g(p) - x(p). Give b(-3).
15
Let d = 155 - 246. Let l = d + 96. Let q(f) = -11 - l + 2*f**2 + 23 - 4*f**3 - 8. Give q(1).
-3
Let b(r) be the second derivative of r**3/3 - 16*r**2 + 844*r. Give b(11).
-10
Suppose -2*i = 10, 0 = 2*s - 5*i - 127 + 120. Let y(x) = x**3 + 10*x**2 + 4*x + 5. Give y(s).
50
Suppose 12 = -7*g + 110. Let q be 4/g - 525/(-49). Let d(s) = s**2 - 13*s - 8. Calculate d(q).
-30
Let g(z) = -5*z**2 + 8*z. Let l(s) = 4*s**2 - 7*s + 1. Let v(a) = 3*g(a) + 4*l(a). Let w(i) = -32*i**2 + 19*i + 93. Let r be w(2). Determine v(r).
1
Let s(w) = -5*w**2 + 25*w - 8. Suppose -183*p = -182*p - 2*q + 10, 3*q - 41 = -5*p. Determine s(p).
12
Let t(j) = 24*j**2 + 0*j**2 + 7 - 23*j**2 + 6*j - 1. Suppose k + 3*o = 3, 3*k + k - 23 = -o. Let d = k - 12. Give t(d).
6
Let a(q) = 33*q**2 + 37*q + 37. Let o be a(-1). Let w(s) = 21*s - o*s + 4*s. Calculate w(-1).
8
Let u(r) = 6*r**3 - 3*r**2 - 7*r + 2. Let w(c) = -7*c**3 + 3*c**2 + 8*c - 3. Suppose 31*k - 85 = 14*k. Let n(y) = k*u(y) + 4*w(y). What is n(-2)?
-24
Let u(l) = l**3 + 12*l**2 - 13*l + 205. Suppose 12*c + 500 - 332 = 0. Calculate u(c).
-5
Let a(k) = -2*k**2 - 9*k + 15. Suppose -5*r - 65 = 5*q - 10*q, 0 = -r - 4*q + 7. Give a(r).
-66
Let o(w) = 2*w**2 - 32*w + 125. Let a be o(5). Let v(h) = -h**2 + 12*h + 46. Give v(a).
1
Let f(g) = -2*g + 0 - 10 - 1 + 12. Suppose s - 4 = -c, 0 = 3*c - 5*c - 5*s + 14. Suppose 5*v = c*v + 3*r - 6, r = -v + 4. What is f(v)?
-1
Let r = 3283 - 3277. Let i(t) = t**3 - 8*t**2 + 15*t - 13. What is i(r)?
5
Let p(b) = b**2 - 9*b - 2. Let m(d) = -9*d - 54. Let t be 2 + 21/9 + (-1)/3. Suppose 0 = -u + 3*a - 1, t*a = -7 - 1. Let y be m(u). What is p(y)?
-2
Let q(p) = -21 - 12*p**2 + 54 + 34538*p**3 - 34537*p**3 - 15*p. What is q(13)?
7
Let p be 1/5 + 20/25. Let w(l) = -26*l - p - 5 + 23*l. Let m(i) = -7*i + 43. Let h be m(7). Calculate w(h).
12
Suppose -37*b + 142*b - 1785 = 0. Let u(v) = -v**2 + 14*v - 19. Give u(b).
-70
Let l(j) = j - 3. Let s be 3 + ((-116)/24 - (-4)/(-24)). Let m be 42/12*(0 - s). What is l(m)?
4
Let v(h) = -h**3 - h - 1. Let g = 59 - 56. Let a(d) = 4 - 2*d - 127*d**3 + 126*d**g + 3*d**2 + 2*d. Let y(q) = -a(q) + 2*v(q). Determine y(-4).
18
Let p(j) = j**2 + 8*j - 12. Suppose 47 = 4*k + v, -5*k + 5*v - 15 = -80. Suppose -5*c + 41 = -4*t, 30 + k = -5*t - 3*c. Give p(t).
-3
Suppose -4*j - j = -40. Let t(d) = -3*d + 24. Let l be t(j). Let k(q) be the first derivative of -q**3/3 + q**2/2 + 9*q + 112. Give k(l).
9
Let q(s) = 17*s**2 + 1. Let m(l) = l**2 + 11*l + 1. Let n be 9/((-2)/8 - (-12)/(-16)). Let z be m(n). Let y = 18 + z. What is q(y)?
18
Suppose -1 = 5*k - j - 6, -3*k - 3*j + 21 = 0. Let z(f) = -k*f + 9*f**2 + 12*f + f**3 + 7 - f - 2*f**2 + f. Give z(-6).
-17
Let h be 3/(540/(-171) + 5 + -2). Let n(x) = x**3 + 17*x**2 - 39*x + 13. What is n(h)?
32
Suppose 3 = -4*r + b, r - 19 = -3*b - 23. Let y(u) = -23*u**2 + 8 - 8 - u. Determine y(r).
-22
Suppose 0 = 3*i - 5*j - 48, 80 = -54*i + 59*i - 5*j. Let f(x) = -x**2 + 16*x - 9. What is f(i)?
-9
Let s(u) = u**2 - 13*u + 11. Let w be (19 - (3 - -8))*1. What is s(w)?
-29
Let m(j) = 163*j. Let h(w) = -653*w + 27. Let v(y) = h(y) + 4*m(y). What is v(28)?
-1
Let f(g) = -g**3 - 7*g**2 + g + 5. Let u be f(-5). Let w be -5*5/u*82. Let i(x) = -97*x + w*x + x**2 + 47*x. Calculate i(9).
0
Let x be (-99)/(-4*7/28). Let b(o) = -178 + 97 + x + o**3 + 2*o + 12*o**2. Determine b(-12).
-6
Let t(b) be the second derivative of -b**5/20 - 11*b**4/12 - 5*b**3 - 8*b**2 - 970*b + 5. What is t(-7)?
-2
Let t(r) = -r**3 - 8*r**2 - 5*r + 10. Let v be t(-7). Let l(u) = -2*u - 285 - 2*u + 3*u + 0*u + 288. Calculate l(v).
7
Let n be (-13)/(-7) + (-9)/(-63). Suppose 2*y - 22 = 3*s - 2*y, -n*y + 16 = -2*s. Let h(t) = -t - 7. Give h(s).
3
Let y be -124*(20/(-8))/(-5). Let j = y - -56. Let x be j + 6 - (-1)/((-2)/22). Let t(q) = 2*q + 14. Calculate t(x).
-8
Let v be (-5)/(-3)*(-1 + 4 + 0). Suppose 5*b - 20 = -v*p, 0 = -3*b + 4 + 2. Let i(z) = 16 - 5 - p + 3*z - 4. What is i(-4)?
-7
Let b be 13/(-4) + 6/24. Let r(y) = y**3 - 5*y**2 - 7*y - 3. Let d(z) = z**3 - 6*z**2 - 8*z - 1. Let j(i) = b*d(i) + 2*r(i). Calculate j(9).
6
Let x(h) = 8 + 39*h**3 + 21*h - 40*h**3 - 18*h. Determine x(0).
8
Let x(f) = -3*f**3 - 15*f**2 - 6*f + 13. Let l(m) = m**3 + 2*m**2 - 1. Let p be -6*2/(-4)*296/222. Let r(o) = p*l(o) + x(o). Give r(8).
25
Let n(c) = -7*c + 27. Let w(s) = -6*s + 24. Let q(g) = -3*n(g) + 2*w(g). What is q(-9)?
-114
Let s(i) be the third derivative of -61*i**4/24 + 7*i**3/6 + 172*i**2. Give s(2).
-115
Let m be ((-4)/22)/(652/(-17930)). Let x(v) = 7*v - 1. Let k(o) = o. Let i(p) = 6*k(p) - x(p). Give i(m).
-4
Let o(i) = 11*i + 12. Suppose 2*m - 29 = -23. Let z(u) = 9*u + 11. Let n(c) = m*z(c) - 2*o(c). Calculate n(-3).
-6
Let o = -17 + 14. Let m(y) = 16*y**2 - 3*y - 40. Let b(f) = -5*f**2 + f + 12. Let n(l) = -13*b(l) - 4*m(l). What is n(o)?
16
Let s(t) be the third derivative of 0*t**3 + 1/120*t**5 - 1/8*t**4 - 1/240*t**6 - 7*t**2 + 0*t + 0. Let b(m) be the second derivative of s(m). Determine b(-2).
7
Let d(f) = -f**2 - 9*f + 91. Suppose 3*r + c = -51, -42*r + 47*r + 45 = 5*c. Give d(r).
1
Suppose -10*r = -5*r + 15. Let k(v) = -6*v + 60. Let s(y) = 2*y - 20. Let c(f) = r*k(f) - 8*s(f). Let i be c(8). Let l(g) = 2*g + 6. Calculate l(i).
-2
Let n be ((-3)/1 + 4)*(28 + -17). Let z(p) = -p**3 + 12*p**2 - 3*p - 22. Determine z(n).
66
Let y = 985 - 987. Let g(i) be the second derivative of i**5/60 + i**4/24 - i**2 + i. Let v(l) be the first derivative of g(l). Calculate v(y).
2
Let a(k) = 5*k - 9. Let b(m) = -m**2 + 23*m - 22. Let w be b(1). Suppose 2*x - 6 = -4*f + f, -3*x = w. Give a(f).
1
Let v(p) = -11*p - 40. Let y be 3/(6*(-3)/30). Let j be v(y). Let u(q) = q**3 - 16*q**2 + 15*q - 4. Give u(j).
-4
Let j be (912/(-190))/(2/(-5)*-1*-1). Let x(w) = -w + 13. Determine x(j).
1
Suppose 15*x = 37 - 37. Suppose 2*c - 66 + 60 = x. Let p(k) = k**3 - 4*k**2 + k + 3. What is p(c)?
-3
Let n(p) = -180*p**2 + 34*p + 11. Let g(q) = 47*q**2 - 9*q - 3. Let f(o) = 23*g(o) + 6*n(o). Let t(z) = 3*z + 3*z - 2 - 3*z. Let s be t(2). What is f(s)?
1
Let r(g) = -4*g - 5. Suppose -2*l + 268 = -2*p, 0*l = 5*p + 5*l + 630. Let k = p - -125. Determine r(k).
15
Let f(i) be the first derivative of i**7/840 + i**6/360 - i**4/8 + 41*i**3 - i**2/2 - 165. Let p(l) be the third derivative of f(l). Calculate p(0).
-3
Let a be 714/170 - 8/(-10). Suppose 0 = a*m - 2*m - v + 7, -m + 3*v = -3. Let z(n) = -n**3 + 2*n**2 - 3. What is z(m)?
42
Let c be (-2)/2*3 + -2. Let t(x) = -x**2 + 144 + 3*x - 279 + 144. Let m(f) = 6*f**2 - 14*f - 47. Let v(z) = 2*m(z) + 11*t(z). Determine v(c).
5
Let j(r) = 4*r**3 - 280*r**2 + 34*r + 1099. Let g(m) = -m**3 + 70*m**2 - 8*m - 275. Let z(l) = -25*g(l) - 6*j(l). Give z(70).
1
Let c(x) = -x**2 + 5*x + 1. Let p be (-26)/1*4/8. Let w(n) be the third derivative of n**4/24 + 19*n**3/6 - 7*n**2. Let o be w(p). Determine c(o).
-5
Let r(f) = -8 - 2*f - 3*f**2 - 7*f - 9*f - 21. Let d(c) = 2*c**2 + 12*c + 19. Let b(j) = 8*d(j) + 5*r(j). Let v be -5 + (-3 - (-2)/2). Determine b(v).
14
Let y(o) = 2*o**3 + 5*o**2 - 2*o + 6. Let d(a) = -2*a**3 - 69*a**2 - 102*a - 103. Let z be d(-33). Calculate y(z).
-34
Suppose 17*m + 2128 = 9*m. Let a = 270 + m. Let k(x) = 7*x - 1. Let c(s) = 8*s. Let i(b) = -5*c(b) + 6*k(b). What is i(a)?
2
Suppose -4*q = 4*b - 20, -113*b + 2*q - 8 = -114*b. Let r(z) = 2*z**3 - 2*z**2 + 4*z - 2. Give r(b).
14
Suppose p = -2*a + 1, 37*p = -2*a + 42*p + 19. Let j(f) = f**3 - 4*f**2 + f + 4. What is j(a)?
-2
Let z(f) be the third derivative of -5*f**4/24 - 11*f**3/6 + 3*f**2 + f - 379. Calculate z(12).
-71
Let q = -65 - -69. Suppose -2*f + 4*g = 12, g - 3*g = -5*f + 2. Let y(z) = -13*z + 15*z + 2 + 0 - z**f. What is y(q)?
-6
Let q = -305 + 303. Let n(o) = 6*o - 3. Let y(h) = h**2 - 3*h + 1. Let z(w) = q*y(w) - n(w). What is z(3)?
-17
Let n(z) be the third derivative of z**6/120 - z**5/20 